t is the remainder when t is divided by 16?
15
Let z(m) = 3*m - 4. Calculate the remainder when 30 is divided by z(4).
6
Let w = 72 - 56. What is the remainder when 141 is divided by w?
13
Let v = 26 - 46. Let l = v + 34. Calculate the remainder when 25 is divided by l.
11
Let m(a) = a**3 - 6*a**2 + 15*a. Let s(f) = -2*f**3 + 13*f**2 - 29*f + 1. Let u(p) = 7*m(p) + 4*s(p). Calculate the remainder when u(8) is divided by 23.
21
Let y(o) = -51*o - 10. Let l be y(-8). Let s be l/6 - (-2)/3. Let n = s - 32. What is the remainder when n is divided by 12?
11
Suppose -3*v = -2*v. Let m = 17 + v. Calculate the remainder when 32 is divided by m.
15
What is the remainder when 51 - 2 - (-8)/2 is divided by 8?
5
Let i = -3 + 10. Suppose 2*w = n - 6*n + 21, w - 5*n + 12 = 0. Suppose 4*y + 33 = 3*r - 14, 71 = 5*r - w*y. What is the remainder when r is divided by i?
6
Suppose 5*v - 19 - 1 = 0. What is the remainder when -122*v/(-8)*1 is divided by 16?
13
Suppose -u = l - 1, -2*u - 4*l + 10 = 3*u. What is the remainder when u is divided by 4?
2
Suppose -s = -8 - 13. What is the remainder when 60 is divided by s?
18
Let k = -6 - -38. Suppose -4*b - 5*i - 59 = 87, -3*b - 3*i = 111. Let j = -22 - b. Calculate the remainder when k is divided by j.
15
Let c be 2 + (-3)/((-3)/2). Let p = c - 2. Suppose u = r, 5*u - r - 14 = -p. What is the remainder when u is divided by 2?
1
Suppose x + 2 - 14 = -2*m, 5*x - 5*m - 75 = 0. Calculate the remainder when 39 is divided by x.
11
Suppose -78 + 18 = -3*v. What is the remainder when v is divided by 7?
6
Let i(u) = 107*u - 5. Calculate the remainder when i(1) is divided by 15.
12
Suppose 0*g - 38 = -2*g. Let l be (-5)/(-1) - 21/(-7). What is the remainder when g is divided by ((-2)/l)/(1/(-28))?
5
Let n(u) = u**2 + 5*u - 4. Let t be n(-6). Suppose -4*c + 5*a - t*a = -101, 0 = a - 1. What is the remainder when c is divided by 9?
8
Suppose 6*a = 3 + 27. Calculate the remainder when 17 is divided by a.
2
Let f(i) = i**2 + 1. Let d(g) = -g + 7. Let a be d(7). Let b be f(a). What is the remainder when 1 is divided by -3 + 1 + 3/b?
0
Let q(s) = s**2 - 3*s - 7. Let h be q(5). Suppose t = -5*n + 55 + 14, h*t + 45 = 3*n. Calculate the remainder when n is divided by 8.
6
Let t(m) = -m**3 + m**2 + 2*m. What is the remainder when t(-2) is divided by 2?
0
Let d(t) = -t**3 + 5*t**2 + 10*t - 15. What is the remainder when (1 - (-31)/(-5))*-5 is divided by d(6)?
8
Let d(o) = o**2 + 2*o + 2. Let j be d(-2). Suppose -6*t + 52 = -j*t. Calculate the remainder when 50 is divided by t.
11
Calculate the remainder when (1 - 64/(-6))*3 is divided by 12.
11
Let v = 19 - 5. Calculate the remainder when v is divided by (-13)/(-3) - 1/3.
2
Suppose -13 = 4*o + 3. Let d(m) be the first derivative of 4*m**3/3 + 7*m**2/2 + 5*m - 4. Calculate the remainder when d(o) is divided by 21.
20
Suppose 0 = 3*p - p - 24. Let y = -20 - -6. Let x = y + 37. Calculate the remainder when x is divided by p.
11
Let o be (-4)/(-14) + 38/14. Let c(t) = 13*t - 1. Let p = 39 + -29. Calculate the remainder when c(o) is divided by p.
8
Calculate the remainder when 17 is divided by 552/56 - 1/(-7).
7
Suppose -5*z + 59 = 19. Let y = -22 + 45. Calculate the remainder when y is divided by z.
7
Let d(x) = x**3 + 6*x**2 - 2*x - 10. What is the remainder when d(-5) is divided by 13?
12
Let h(x) = x**3 + 8*x**2 - 10*x + 6. Calculate the remainder when 27 is divided by h(-9).
12
Suppose -5*x + 16 = -x. Let m = -5 + 15. Calculate the remainder when m is divided by x.
2
Calculate the remainder when (-2)/(-3)*(-15)/(-1) is divided by 1*(0 + 2 - -2).
2
Let s(k) = -22*k**3 + 5*k**2 + 2*k - 4. Let x be s(-3). Let d be x/11 + 6/(-33). Let o = d + -31. What is the remainder when o is divided by 9?
8
Suppose -t = -4*t + 81. Let c be (-26)/(-7) - 4/(-14). Suppose c*y = 77 + t. Calculate the remainder when y is divided by 9.
8
Suppose -10*s + 144 = -s. What is the remainder when 31 is divided by s?
15
Let q(l) be the second derivative of l**4/12 - l**3/2 - l**2 - l. What is the remainder when q(-5) is divided by 20?
18
Suppose 2*q - 3 = -q. Let n = 2 + 1. Suppose -n*t + 0 = -3. What is the remainder when t is divided by q?
0
Let s be 0 - 0/(3 - 4). Suppose s = -4*f + 54 + 14. What is the remainder when 67 is divided by f?
16
Suppose 150 = 4*u + 38. Calculate the remainder when u is divided by 6.
4
Suppose 3*r = 17*r - 854. What is the remainder when r is divided by 4?
1
Let y(l) = -l**3 + 6*l**2 - l - 8. Calculate the remainder when 59 is divided by y(5).
11
Let a(t) = t**3 + 3*t**2 - 5*t - 4. Let q be a(-4). Suppose -z + q*z + 14 = 0. Calculate the remainder when z is divided by 8.
6
Suppose 2*o + 42 = 5*c, o - 6*o + 50 = 3*c. Calculate the remainder when 24 is divided by c.
4
Suppose -5*v = -2*v - 30. Let y = v + -7. Let o = -3 - -5. What is the remainder when y is divided by o?
1
Let g = 3 + 2. Suppose u - 2*r - 44 = 3*r, -g*u = 4*r - 104. Calculate the remainder when u is divided by 9.
6
Suppose -3 = -2*y + 15. Let a(i) = 2*i**3 - 8*i**2 + 5*i - 7. Let g be a(5). Suppose t - g = -3*t. What is the remainder when t is divided by y?
8
Let o = 115 - 66. What is the remainder when o is divided by 13?
10
Let p(a) = -15*a - 1. Calculate the remainder when 86 is divided by p(-2).
28
Let x(m) = -m**2 + 17*m - 10. What is the remainder when 57 is divided by x(15)?
17
Suppose -3*m + 2 + 22 = 0. Let x = m + 7. Suppose -2*q = -4*q + 16. Calculate the remainder when x is divided by q.
7
Let h = -10 + 7. Let r = 12 - -5. Calculate the remainder when (-145)/h + (-14)/(-21) is divided by r.
15
Let b(y) = y**2 - 2*y. Let j(f) = -f**3 + 12*f**2 + 13*f + 13. What is the remainder when b(-4) is divided by j(13)?
11
Let q = -5 - -1. Let z = 15 + q. What is the remainder when z is divided by 6?
5
Let p(h) = 12*h. Let l(x) = -x + 7. Let t be l(5). Calculate the remainder when p(t) is divided by 13.
11
Suppose -2*x + 15 = 3*x, 0 = -2*p - 4*x - 6. Let i be (7/(-3))/(3/p). Let s(y) = y**2 - y - 2. Calculate the remainder when s(i) is divided by 14.
12
Let m be (-4)/(-10) - 16/(-10). Suppose 0 = 4*i + 3*g + 15, -m*i = g + 2 + 7. Let v(p) = -p**2 - 7*p + 3. What is the remainder when 25 is divided by v(i)?
7
Let g(u) = u**3 - 6*u**2 + 8. Let x(q) = q**3 - 5*q**2 - 6*q + 6. Suppose l + 2 = 8. Let i be x(l). What is the remainder when 14 is divided by g(i)?
6
Let x = -159 + 241. Calculate the remainder when x is divided by 28.
26
Suppose -6*y + 7*y = 26. Calculate the remainder when 99 is divided by y.
21
Let y(j) = -j**2 + 4*j + 2. Let q be y(9). Let b = q - -60. Calculate the remainder when 49 is divided by b.
15
Let y be (-128)/(-22) + (-4)/(-22). Calculate the remainder when 5 is divided by (y/9)/((-1)/(-6)).
1
Let c(n) = -n**3 - 18*n**2 - 17*n + 5. Calculate the remainder when 8 is divided by c(-17).
3
Suppose -9*i = -231 - 3. Let w = 100 + -49. Calculate the remainder when w is divided by i.
25
Suppose -3*b - o + 52 = 0, -3*o = 4*b - 21 - 40. Let a = b - -3. Calculate the remainder when 87 is divided by a.
21
Let m = 83 + -77. Calculate the remainder when 28 is divided by m.
4
Suppose 2*v = -3*j + 7 + 6, 5*v - 45 = -5*j. What is the remainder when 26 is divided by v?
12
Let j(u) be the third derivative of u**4/12 - 3*u**3/2 + 9*u**2. What is the remainder when j(7) is divided by 6/(-1 + 5/2)?
1
Suppose 0 = y + 3*y - 136. What is the remainder when y is divided by 19?
15
Let i(o) = 17*o**2 + 31*o + 5. Let w(j) = 8*j**2 + 15*j + 2. Let q(y) = -6*i(y) + 13*w(y). What is the remainder when q(-7) is divided by 16?
15
Suppose o - 16 - 35 = 0. What is the remainder when o is divided by 18?
15
Suppose 5*b - 3 = 117. What is the remainder when b is divided by 8?
0
Let d = 212 + -139. What is the remainder when d is divided by 37?
36
Let i = 13 + -7. Suppose 4*n - l - i = -3, 0 = -4*n - 2*l + 18. Suppose n*b + 52 = 6*b. Calculate the remainder when 24 is divided by b.
11
Suppose 0 = 5*a - h - 16, 0*a + 11 = 2*a - 5*h. Suppose 0*b + 14 = x - a*b, 0 = x + 5*b + 18. What is the remainder when 5 is divided by x?
1
Let s(v) = -v**2 + 7*v + 7. Let w = 16 + -10. Calculate the remainder when s(w) is divided by 8.
5
Calculate the remainder when -3*1 - (-21)/(1 - 0) is divided by (-2 - -1)/((-1)/7).
4
Suppose -5*p + 25 = -0*p. What is 